a(r) = -r + 3. Suppose -2 = 4*q + 50. Let n be q/3 - (-6)/(-9). Give a(n).
8
Let q(j) = 3*j**3 - 29*j**2 - 3*j + 26. Let c(b) = b**3 - 10*b**2 - b + 9. Let o(l) = 17*c(l) - 6*q(l). Give o(4).
1
Let n be (-1)/2*(-2 + 0). Let b(g) = 5*g - g - 2 + n - 2*g. Give b(4).
7
Let j(s) = 17*s**2 - 1 - 424*s + 426*s + 0. Determine j(1).
18
Let m(k) = -k + 1. Let j(u) = u**2 + 2*u - 1. Let y be j(-3). Let z = y - 0. Suppose z*f = 3*x + 2 - 15, 4*x - 29 = 5*f. Give m(x).
0
Let g(c) = 6 - c - 4 + 0*c + 3. Give g(7).
-2
Let k(u) = -u**2 - u + 1. Suppose 2*f + 0*i + 14 = -4*i, -2*f = -3*i - 14. Let r(m) = -m**3 - 8*m**2 - 8*m. Let t(x) = f*r(x) - 3*k(x). Give t(-3).
-6
Suppose -6 + 1 = 5*k. Let d = k + 3. Let g(y) = -y + 0*y + 2*y + 1 + y**d. Give g(0).
1
Let o(t) be the second derivative of t**5/20 + t**4/3 + 2*t**3/3 - 5*t**2/2 - 19*t. Determine o(-4).
-21
Let b(h) = -41*h + h**2 + 3 + 20*h + 17*h. Determine b(3).
0
Let x = -1 + -2. Let c(g) be the second derivative of g**4/12 + g**3/3 + 2*g**2 - 3*g. Calculate c(x).
7
Let f be (-18 + -2)*(-3)/6. Suppose v = 6*v + f. Let n(x) = -2*x**2 - x + 1. Give n(v).
-5
Let j(d) be the first derivative of -d**5/120 + d**4/12 + 4*d**3/3 + 5. Let r(h) be the third derivative of j(h). Calculate r(5).
-3
Let i(h) = h**3 + 4*h**2 - 5*h + 7. Let o = -3 - -27. Suppose 2*q - 10 = 4*d, -4*q + 8 = -4*d - 0*d. Let c be d*4/(o/10). What is i(c)?
7
Let g(j) = 2 - 3*j - 1 + 0 + 4*j. Give g(4).
5
Let n(o) = o**3 - 7*o**2 + 6*o - 5. Let j be 34*5/35 - 2/(-14). What is n(j)?
-25
Suppose -3*k = -k - 2. Suppose 2*j - 2*s - 4 = 8, -4*j - s + 9 = 0. Let a(c) = 1 + 2*c + 0 - c**3 - 3*c + 4*c**j + c**2. What is a(k)?
4
Let d(b) be the second derivative of -b**4/2 - b**3/3 - b**2/2 - b. Suppose 2*t + 14 = -j, 3*t + 4*j + 20 = -t. Let v = t + 8. Determine d(v).
-5
Let w(c) = -3*c**2 + 6*c**2 + 6*c - 5 - 4*c**2. Let l be (4/(-6))/((-2)/12). Suppose l*j = 7 + 9. Determine w(j).
3
Suppose 4*o + 4*m = 0, 0 = -3*m + 1 + 2. Let i(w) = -2*w + 1. Let s be i(o). Let r = 8 - s. Let d(g) = g + 3. What is d(r)?
8
Let l(a) be the first derivative of a**3/3 + 2*a - 26. What is l(0)?
2
Let g(k) = 4*k**3 - 4*k**2 - 7*k - 3. Let m(q) = 3*q**3 - 3*q**2 - 5*q - 2. Let w(l) = 5*g(l) - 7*m(l). Let i be (2/(-5))/(3/15). What is w(i)?
11
Let o(g) = -3*g. Let b(v) = 2*v. Let q(y) = -2*b(y) - o(y). Give q(5).
-5
Suppose o - 2*c - c = 2, 0 = 4*o - c + 25. Let g(d) = -d**3 - 6*d**2 + 7*d + 4. Calculate g(o).
4
Let c(k) be the first derivative of -3/2*k**2 + 3 - 1/4*k**4 - k - 4/3*k**3. Give c(-3).
-1
Let r = 9 - 6. Suppose 2*a - m + 3 = 0, -r*a + 3*m - 4 = -2*a. Let b(u) = 4*u**2 + u + 1. Give b(a).
4
Let b(z) be the third derivative of -z**8/6720 + z**7/2520 - z**5/60 - z**4/12 + 4*z**2. Let n(l) be the second derivative of b(l). Calculate n(2).
-6
Let x(d) = 193*d + d**2 + 4 - 193*d. What is x(0)?
4
Let z(q) = 18*q - 1. Suppose -8*v + 4 = -4. Calculate z(v).
17
Let q(l) = -6*l**3 - 7*l**2 + 4*l + 1. Let f(p) = -7*p**3 - 8*p**2 + 5*p + 2. Let w(v) = 5*f(v) - 6*q(v). Let r be (-18)/3 + 2 - -1. Give w(r).
-8
Let l(v) = -v**3 + 2*v + 2. Let y be l(-2). Let i(u) = -u**3 + 7*u**2 - 6*u - 7. Give i(y).
-7
Let u(d) = d**2 - d. Let m(g) = 3*g**2 - 2*g - 4. Let p(x) = m(x) - 2*u(x). Give p(-3).
5
Let y = -5 - -3. Let h be (9/6 + -1)*y. Let t = h + 7. Let a(n) = n**3 - 5*n**2 - 7*n + 2. Determine a(t).
-4
Let a(m) = -m**2 - 2*m + 5. Let u = 6 - 2. Let l = 7 - 3. Suppose l*o - 3*o = -u. Give a(o).
-3
Let h = 2 - 1. Let g = h + -1. Let o(p) = -p**3 + p**2. Give o(g).
0
Let s(i) = i + 1 - 3*i**2 - 2*i + 9*i**2. Suppose 3*k - 63 = 2*x, -22 = -k + 5*x + 12. Suppose 6*f - 2*f - k = -3*b, 23 = 3*b + 5*f. Determine s(b).
6
Let s(r) = r - 9. Let x(o) = -2*o + 17. Let u(f) = 11*s(f) + 6*x(f). Calculate u(0).
3
Suppose 0 = 4*i - k + 17, 3*k - 16 + 7 = -2*i. Let c = i - -5. Suppose 3*g - c*h = -7, -3*g + 4*h = -g - 6. Let b(u) = -u**2 - 7*u - 7. Give b(g).
3
Let k(c) = -88 + 7*c + 178 - 91. Determine k(-1).
-8
Let f(g) = -5 + 4 + 3 + 9*g**2 - g**3 - 7*g - 2*g**2. Let u(s) = s**3 - 7*s**2 + 7*s - 2. Let c(z) = -4*f(z) - 5*u(z). Calculate c(6).
-4
Let j(a) = -5*a - 4. Let b(r) = 7*r + 6. Let z(k) = -k - 1. Let n(w) = b(w) + 3*z(w). Let m(h) = 2*j(h) + 3*n(h). Calculate m(4).
9
Let y(a) be the third derivative of 0*a + 4*a**2 - 1/6*a**3 + 1/8*a**4 + 0. Calculate y(-1).
-4
Let u(c) = c**2 + 1. Let p(n) = 2*n**2 + n - 2. Let z(s) = p(s) - u(s). Give z(-4).
9
Let z(s) = 3*s**3 - s**2 - s - 3. Let j = -11 + 9. Let t(y) = -4*y**3 + y**2 + 2*y + 4. Let l(c) = j*t(c) - 3*z(c). Determine l(2).
-5
Let b(j) be the second derivative of j**4/12 - j**3/2 + 3*j**2/2 + j. Let h = 7 + -7. Let f be 2*(1 + 1) - h. Determine b(f).
7
Let u(y) = y**3 + 6*y**2 + 5*y + 3. Let d be u(-5). Suppose -3*c + 18 = d. Let s(k) = 0*k - 5 + k + 3. Calculate s(c).
3
Let s be (2/(-5))/(5/(-25)). Let u(f) be the first derivative of -3*f + 3/2*f**2 - 1/3*f**3 + s. Determine u(3).
-3
Let o(f) = -f**3 - 4*f**2 - 4*f + 1. Let t be (-24)/12 - 1*2. Determine o(t).
17
Let o(u) be the third derivative of 0*u - 1/3*u**4 + 0 - 3*u**2 - 1/60*u**5 - 3/2*u**3. Calculate o(-6).
3
Let f = 8 - 9. Let z(d) = -3 + 4 - 4*d + d**2 - 3*d**3 + 2*d + 4*d. Determine z(f).
3
Let p be (-17 - -20)/(0 - -1). Let j(z) = -3*z + 2. Determine j(p).
-7
Let b(s) be the second derivative of -s**3/6 + 5*s**2/2 - 3*s. Determine b(-6).
11
Let a(f) = -f + 6. Suppose 0 = j + 3*j. Let t be a(j). Let u = -3 + t. Let h(k) = k**3 - 3*k**2 + 2*k + 1. Calculate h(u).
7
Let n(v) be the third derivative of -v**4/24 + 5*v**3/6 + v**2. Suppose 4*u + 5*f + 20 = 0, -6*u + 5*u = -4*f - 16. What is n(u)?
5
Suppose 2*t + 2*t = 2*s - 8, -5*t + 5*s = 10. Let b(h) = -h - 1. What is b(t)?
1
Let h(n) be the first derivative of n**4/12 - 2*n**3/3 - n**2 - 2*n + 6. Let t(g) be the first derivative of h(g). What is t(4)?
-2
Suppose 2*h + 43 = 43. Let q(t) = t**2 + t - 3. Calculate q(h).
-3
Let i(h) = 21*h - 1. Let t(k) = -106*k + 6. Let j(g) = -11*i(g) - 2*t(g). What is j(-1)?
18
Let d = 117 - 122. Let q(g) = -g**3 - 4*g**2 + 4*g - 7. What is q(d)?
-2
Let o be 2/(-6) - (-11)/(-3). Let t(g) = -g**3 - 3*g**2 + 5*g + 5. Determine t(o).
1
Let p(l) = -5*l**2 + 1. Let k = -47 - -48. Give p(k).
-4
Let x = -3 - 2. Let p be (-2)/((-6)/(-9)) - x. Let c(m) = -p + 2*m**2 + m**2 - 2*m**2 - 4*m + 4. Give c(4).
2
Let y(d) = d**2 - 7*d + 6. Let n be 0 + 4 + -3 + -1. Let p = 4 + n. What is y(p)?
-6
Let f(t) be the first derivative of -1/2*t**2 - 1/4*t**4 - 4 - 3*t + 4/3*t**3. What is f(3)?
3
Let q(r) = -r + 2. Let a be q(0). Let j = a + -4. Let i(c) = -2*c**2 + 2*c. Calculate i(j).
-12
Let s be (3 + 2/(-4))*(-4)/(-5). Let i(r) = -3*r**2 + r - 1. Calculate i(s).
-11
Let w(b) be the third derivative of b**6/120 - b**5/10 + 7*b**4/24 - b**3/3 + 3*b**2. Let n(z) = -3*z - 4. Let h be n(-3). What is w(h)?
8
Let u(k) = -k**2 + 8*k + 43. Let b be u(12). Let f(z) = -z**3 - 6*z**2 - 7*z + 2. Determine f(b).
12
Let k(w) be the third derivative of w**5/60 + 7*w**4/24 + 2*w**3/3 + 5*w**2. Let n be k(-5). Let d(y) = -y - 8. Calculate d(n).
-2
Let d(o) = o**2 - 9*o + 7. Let u(c) = 2*c**2 - 18*c + 14. Let t(i) = 9*d(i) - 4*u(i). What is t(6)?
-11
Let a(h) = h**2 + 7*h + 2. Let k be ((-2)/3)/((-10)/(-105)). Give a(k).
2
Let p(a) = a + 1. Suppose 3*f - 5*f - 19 = -3*x, -3*f = -3*x + 24. Let q be ((-5)/2)/(x/6). What is p(q)?
-4
Let y(a) = -a - 1. Let x(l) = -2*l - 3. Let k be x(-3). Suppose -5*d = -k*d. Let u(q) = -q**2 + 4. Let m be u(d). Determine y(m).
-5
Let x(p) = -6*p + 1. Let c(k) = 3*k - 1. Let j(q) = -q**2 + q + 1. Let l be j(0). Let y be c(l). Determine x(y).
-11
Let t(b) = 10*b + 2. Let r(p) = -p - 16. Let w be r(-14). Determine t(w).
-18
Let q(x) = -5*x - 1. Let u(r) = 55 - 55 + r. Let m(y) = -q(y) - 6*u(y). Determine m(-1).
2
Let o(k) = 6*k + 3. Let c be (-60)/(-12) + (-3)/(-6)*-2. Calculate o(c).
27
Suppose -4*a + 3*y - 5 = 15, -2*a = -5*y + 10. Let f be (9/(-15) + 0)*a. Suppose 2*k = -f*k + 10. Let s(x) = -x**3 - x**2 + 4*x - 3. Give s(k).
-7
Let s(v) be the first derivative of 3*v**4/4 + 4*v**3 - v**2 + 5*v - 4. Let b(y) = -2*y**3 - 6*y**2 + y - 2. Let p(i) = 5*b(i) + 3*s(i). Give p(6).
-1
Let o be 2/(0 + (-2)/(-5)). Suppose -2*i = 5*j + 3*i + 10, 18 = o*j - 2*i. Let k(h) = 1 - 40*h + 72*h - 33*h. Determi